or of 324 and 243.
81
Calculate the greatest common divisor of 30 and 1310.
10
Calculate the highest common factor of 5 and 655.
5
Calculate the greatest common divisor of 230 and 1242.
46
What is the greatest common factor of 44113 and 62?
31
Calculate the greatest common divisor of 1918 and 56.
14
Calculate the greatest common divisor of 190 and 10.
10
Calculate the greatest common divisor of 96 and 112.
16
What is the highest common factor of 14032 and 16?
16
Calculate the highest common divisor of 17 and 17.
17
What is the highest common factor of 529 and 46?
23
Calculate the greatest common divisor of 42 and 3171.
21
Calculate the greatest common divisor of 472 and 354.
118
What is the highest common factor of 3204 and 18?
18
Calculate the greatest common factor of 264 and 165.
33
What is the greatest common factor of 9086 and 118?
118
Calculate the highest common divisor of 414 and 1840.
46
What is the highest common factor of 15244 and 148?
148
Calculate the greatest common factor of 44 and 66.
22
What is the greatest common factor of 585 and 45?
45
What is the highest common factor of 84 and 642?
6
What is the greatest common factor of 24 and 3564?
12
What is the greatest common divisor of 94 and 2?
2
Calculate the greatest common divisor of 6 and 26.
2
What is the greatest common divisor of 785 and 17427?
157
Calculate the greatest common factor of 50 and 575.
25
Calculate the greatest common factor of 1035 and 360.
45
Calculate the greatest common factor of 32 and 160.
32
Calculate the greatest common factor of 57 and 3819.
57
Calculate the greatest common factor of 304 and 684.
76
What is the greatest common factor of 1947 and 33?
33
Calculate the greatest common divisor of 1944 and 24.
24
Calculate the highest common factor of 39 and 429.
39
Calculate the greatest common factor of 24458 and 14.
14
Calculate the highest common divisor of 12 and 9.
3
Calculate the highest common divisor of 138 and 8349.
69
Calculate the highest common factor of 17 and 272.
17
What is the greatest common factor of 160 and 18080?
160
Calculate the greatest common divisor of 11 and 165.
11
What is the highest common divisor of 4234 and 730?
146
What is the greatest common divisor of 159 and 3?
3
What is the greatest common divisor of 484 and 40?
4
Calculate the highest common factor of 9 and 387.
9
What is the greatest common divisor of 11339 and 23?
23
What is the greatest common factor of 132 and 108?
12
What is the highest common divisor of 488 and 183?
61
What is the greatest common divisor of 28 and 14098?
14
What is the greatest common factor of 12049 and 1?
1
What is the highest common factor of 162 and 405?
81
What is the highest common divisor of 1215 and 60?
15
Calculate the highest common factor of 1620 and 54.
54
Calculate the highest common divisor of 12921 and 1416.
177
What is the highest common factor of 45578 and 26?
26
Calculate the highest common divisor of 609 and 231.
21
Calculate the highest common divisor of 110 and 5.
5
Calculate the highest common factor of 34 and 2278.
34
What is the greatest common factor of 17 and 425?
17
Calculate the highest common factor of 86 and 1118.
86
Calculate the highest common divisor of 32 and 776.
8
What is the highest common divisor of 18 and 5646?
6
Calculate the highest common divisor of 24 and 8.
8
Calculate the highest common factor of 99 and 279.
9
What is the greatest common factor of 187 and 22?
11
What is the highest common factor of 663 and 39?
39
What is the greatest common divisor of 430 and 290?
10
Calculate the highest common divisor of 140 and 161.
7
What is the greatest common factor of 29 and 145?
29
Calculate the highest common divisor of 301 and 387.
43
Calculate the highest common divisor of 13855 and 85.
85
Calculate the greatest common factor of 59626 and 7.
7
What is the greatest common divisor of 1764 and 12152?
196
What is the greatest common divisor of 5246 and 43?
43
What is the greatest common divisor of 8 and 720?
8
Calculate the highest common factor of 1957 and 38.
19
Calculate the greatest common divisor of 18 and 1197.
9
What is the highest common divisor of 14421 and 138?
69
Calculate the highest common factor of 116 and 2726.
58
What is the highest common factor of 10287 and 405?
81
Calculate the greatest common divisor of 19 and 18.
1
What is the greatest common divisor of 21 and 1239?
21
What is the greatest common divisor of 138 and 759?
69
Calculate the highest common factor of 14 and 434.
14
What is the highest common factor of 872 and 88?
8
What is the highest common divisor of 145 and 55?
5
What is the highest common factor of 498 and 6?
6
Calculate the greatest common factor of 701 and 1.
1
Calculate the greatest common factor of 803 and 44.
11
What is the greatest common factor of 225 and 990?
45
Calculate the greatest common factor of 707 and 21.
7
What is the greatest common factor of 155 and 124?
31
What is the greatest common factor of 596 and 1490?
298
What is the highest common divisor of 588 and 3234?
294
Calculate the highest common factor of 165 and 75.
15
What is the highest common divisor of 99 and 1125?
9
What is the highest common factor of 16 and 36752?
16
Calculate the greatest common factor of 204 and 1700.
68
What is the greatest common divisor of 39 and 2171?
13
What is the greatest common factor of 14 and 182?
14
Calculate the greatest common divisor of 158 and 1185.
79
What is the highest common factor of 82 and 70?
2
What is the greatest common divisor of 841 and 87?
29
Calculate the highest common factor of 13035 and 474.
237
What is the highest common factor of 235 and 376?
47
What is the greatest common factor of 1206 and 67?
67
What is the greatest common divisor of 54 and 6?
6
Calculate the greatest common divisor of 65 and 208.
13
Calculate the greatest common divisor of 50 and 1775.
25
Calculate the greatest common factor of 780 and 756.
12
What is the greatest common factor of 48 and 61?
1
Calculate the greatest common factor of 86 and 2021.
43
What is the greatest common factor of 30 and 11710?
10
Calculate the greatest common factor of 53 and 1537.
53
Calculate the greatest common divisor of 259 and 567.
7
What is the greatest common divisor of 10265 and 15?
5
What is the greatest common divisor of 7 and 4?
1
What is the greatest common divisor of 275 and 14850?
275
Calculate the highest common factor of 20 and 76.
4
Calculate the greatest common factor of 192 and 588.
12
What is the greatest common divisor of 2196 and 126?
18
Calculate the highest common divisor of 1842 and 24.
6
Calculate the greatest common factor of 452 and 4.
4
What is the greatest common divisor of 1111 and 22?
11
Calculate the highest common divisor of 1250 and 325.
25
Calculate the greatest common factor of 516 and 534.
6
What is the highest common divisor of 108 and 4428?
108
Calculate the highest common factor of 17 and 18326.
17
Calculate the greatest common divisor of 9757 and 11.
11
Calculate the highest common divisor of 1955 and 1615.
85
Calculate the highest common divisor of 16 and 40.
8
Calculate the greatest common divisor of 10 and 195.
5
Calculate the greatest common divisor of 153 and 10438.
17
Calculate the highest common factor of 55 and 20.
5
Calculate the highest common divisor of 10 and 6890.
10
Calculate the greatest common divisor of 76 and 40.
4
Calculate the greatest common divisor of 304 and 380.
76
Calculate the greatest common divisor of 18 and 3474.
18
What is the highest common divisor of 810 and 20?
10
What is the highest common factor of 1734 and 12?
6
What is the highest common factor of 10659 and 66?
33
What is the highest common factor of 3596 and 232?
116
Calculate the greatest common divisor of 134 and 34103.
67
What is the highest common divisor of 12 and 726?
6
What is the highest common divisor of 174 and 2349?
87
Calculate the highest common factor of 22 and 2.
2
Calculate the greatest common divisor of 5143 and 185.
37
What is the greatest common factor of 48 and 54?
6
Calculate the greatest common divisor of 1326 and 312.
78
Calculate the highest common factor of 14644 and 28.
28
What is the highest common factor of 3048 and 12?
12
Calculate the highest common factor of 1540 and 14.
14
Calculate the hig